ors of h.
2
Suppose 2*s - 5*s = -4*x - 1229, -4*x + 2*s - 1234 = 0. Let t = x - -469. Suppose v - 2*u = 44, 2*u = v + 3*v - t. What are the prime factors of v?
2, 19
Let d = 78 - -161. Let q = d + -160. List the prime factors of q.
79
Let s(i) = -3*i**2 - 2*i. Let p be s(2). Let z = -11 - p. Suppose -f - 63 = -4*l + 2*f, -51 = -2*l - z*f. List the prime factors of l.
2, 3
Let l(p) be the second derivative of p**5/20 - 3*p**4/4 + 13*p**3/6 - 4*p**2 + 18*p. List the prime factors of l(9).
109
Let q(w) = 2*w - 3. Let x(k) = k + 15. Let d be x(-13). Let b be q(d). Suppose -3*h + 45 = -3*n, -h - n + b = -6. List the prime factors of h.
11
Suppose 0 = p + u - 1577, -4*p + 4*u + 1958 = -4310. What are the prime factors of p?
2, 3, 131
Let w(x) = -58*x - 12. List the prime factors of w(-4).
2, 5, 11
Suppose 15 = 6*k - 3*k. Suppose i - 47 = -4*y - k, 38 = 3*y + 4*i. Suppose -3*l + y + 5 = 0. What are the prime factors of l?
5
Let r(d) = -525*d + 48. List the prime factors of r(-2).
2, 3, 61
Suppose -2*w = w - 15. Suppose w*f = 3*h - 14, h - 6 = 3*f - f. List the prime factors of (-6)/h - (-7)/(-7).
2
Let u = -135 - -685. What are the prime factors of u?
2, 5, 11
Suppose 5*q = t + 8 + 11, -4*t = -5*q + 31. Let s(w) = 45*w - 7. Let l be s(t). Let h = -119 - l. What are the prime factors of h?
2, 17
Let l = 1273 + -905. What are the prime factors of l?
2, 23
Let n(l) = -5*l**2 - 4*l. Let d(t) = 9*t**2 + 8*t. Let a(z) = 6*d(z) + 11*n(z). Let i be a(4). Suppose 6*p - 2*p - 156 = i. List the prime factors of p.
3, 13
Let h be 2/(-5) - (-3 + 39/15). Suppose -4*u = -4*s - 476, s = 3*u - h*s - 361. List the prime factors of u.
11
Let l be 6*-1*4/6. List the prime factors of l/(-6) + (-427)/(-21).
3, 7
Let q(i) = 2*i**3 + 2*i**2 - 3*i + 2. Let c be 2/7 - (-222)/(-42). Let o = c + 7. What are the prime factors of q(o)?
2, 5
Suppose 0 = 21*m + 16*m - 21386. What are the prime factors of m?
2, 17
Suppose 14*k - 82094 = -3414. List the prime factors of k.
2, 5, 281
Suppose -10 = -5*g, -g = -4*w - 2*g - 10. Let m(y) = -2*y**3 - 6 - 4*y**2 + y - 9 - y**3 + 14. List the prime factors of m(w).
41
Suppose -11700 = 1124*n - 1136*n. List the prime factors of n.
3, 5, 13
What are the prime factors of (-7)/(-2)*(-416)/(-112)?
13
Suppose -4*c - 5*i = -0*c, 33 = 5*c - 2*i. Suppose -24 = -c*p + 36. List the prime factors of p.
2, 3
Let w = -78 + 268. What are the prime factors of w?
2, 5, 19
Let u be (-21)/(-1)*(-3 - -4). Suppose -5*a + 3*k + 8 + 27 = 0, -u = -4*a + k. Suppose 3*h + 16 = 5*x - 35, a*x + h = 34. List the prime factors of x.
3
Let m be 4*10/30*18/8. Let y(z) = -5*z**2 + z**2 + 2*z**3 + 6*z - 3 - 3*z. What are the prime factors of y(m)?
2, 3
Let t(w) = 2*w**2 + 2*w - 1. Let f be t(-2). What are the prime factors of 636/14 + f/(-7)?
3, 5
Let s be -3*((-20)/12 + 1). Suppose s*t - 47 + 17 = 0. Suppose -r + t = -4. List the prime factors of r.
19
Suppose -11*q = -z - 7*q + 3604, 2*z - 7253 = -q. List the prime factors of z.
2, 3, 151
Suppose 4*l - 76 = -p, -2*p + 2*l + 105 = -47. Suppose 0 = -q + 5*h + p, 2*q + h = -3*h + 194. List the prime factors of q.
7, 13
Suppose 0 = -2*t - 2*i, 3*i = 8*t - 3*t - 32. Suppose t*b - 8*b = -272. What are the prime factors of b?
2, 17
List the prime factors of ((-23436)/135)/(2/(-15)).
2, 3, 7, 31
Let i = 51 - 21. Suppose -19*k + i = -18*k. What are the prime factors of k?
2, 3, 5
Let x = 1132 + -308. List the prime factors of x.
2, 103
Suppose p = 2*n - 8, -4*p - 16 = -3*n - n. Let y(l) = 9*l - l**2 + 2*l - n + l + 0*l. List the prime factors of y(11).
7
Suppose -3*g + 4*r = -5*g + 20, -4*g = 2*r - 46. Let q = -13 - -23. Suppose -14*b + q = -g*b. What are the prime factors of b?
5
Suppose -7*f - 214 = 164. What are the prime factors of (19/57)/((-1)/f)?
2, 3
Suppose -8*q = -13*q + 2*y + 4706, -2*q - 2*y = -1888. What are the prime factors of q?
2, 3, 157
Suppose -11*y = 11*y - 1122. What are the prime factors of y?
3, 17
Let p be ((57/(-12))/1)/((-2)/32). Suppose -4*a + p = -20. List the prime factors of a.
2, 3
What are the prime factors of -2*9/24 + (-12969)/(-44)?
2, 3, 7
Let t = -1317 + 2417. What are the prime factors of t?
2, 5, 11
Let v = 3 - 11. List the prime factors of v/(-3)*(-60)/(-8).
2, 5
What are the prime factors of -6 + (-29)/((-203)/10374)?
2, 3, 41
Suppose x - 440 = -5*z, 10*z - 12*z = 4*x - 1850. What are the prime factors of x?
3, 5, 31
Let k be (-3)/2*(-20)/6. Suppose -k*t + 3*b + 126 = -23, -2*t + 54 = -4*b. What are the prime factors of t?
31
Suppose 4*z = 2*c + 178, 5*c + 9 - 26 = -z. Suppose 5*f = -4*n + 210, f - 2*n = -n + z. List the prime factors of f.
2, 3, 7
Suppose 30 = 6*j + 9*j. Suppose 2*y - 2 = 0, j*y + 2*y = 3*k - 605. List the prime factors of k.
7, 29
Suppose 490 = 4*o + 5*r + 1418, 5*o - 3*r + 1197 = 0. Let q = -142 - o. What are the prime factors of q?
5, 19
Let t(f) = -41*f - 19 + 15*f - 32*f. What are the prime factors of t(-3)?
5, 31
Let t = 63 - 61. Suppose -5*f = -b + 3*b - 51, -t*b = -2*f - 72. What are the prime factors of b?
3, 11
Suppose 9356 = 5*i - 16*y + 17*y, i = 5*y + 1866. What are the prime factors of i?
1871
Let i = 39 + -35. Suppose -i*q = -7*q + 24. List the prime factors of q.
2
Let z = -529 - -548. What are the prime factors of z?
19
Let f = -416 - -1092. List the prime factors of f.
2, 13
Suppose -5*k + 3*q + 21 = 0, -3 = 2*k - k - 3*q. Suppose 0 = -k*v + 7*v - 50. List the prime factors of v.
2, 5
What are the prime factors of -6 - (-1364)/231 - (-4288)/42?
2, 3, 17
Suppose 0 = 5*o - o - 2*k - 484, -5*k = -4*o + 478. Suppose 3*a = 2*a - o. Let c = -85 - a. What are the prime factors of c?
37
What are the prime factors of (-9878)/(-18) - 42/(-189)?
3, 61
Suppose 2*j + 405 - 1183 = 0. List the prime factors of j.
389
Let f = 5 + 421. List the prime factors of f/4*5*10/75.
71
Suppose -7*c = -6*c - 2. Suppose c*d - 63 = 175. List the prime factors of d.
7, 17
Suppose -4*k + 2*v + 3182 = 0, -808 = -k + 2*v + v. List the prime factors of k.
13, 61
Let p be (-4)/((-2 + 1 - -3)/3). What are the prime factors of 690/(-25)*(-2)/p*-10?
2, 23
Suppose 0 = 7*h - 5*h - 1136. What are the prime factors of h?
2, 71
Suppose -4*y = -y - 1287. What are the prime factors of y?
3, 11, 13
Suppose 3*n = -3*r + 977 + 295, -4*n + 2122 = 5*r. What are the prime factors of r?
2, 3, 71
Let s(g) = g**3 + 7*g**2 + 3*g - 6. Let w be s(-6). Suppose -y - w = 22. Let o = -12 - y. What are the prime factors of o?
2, 11
List the prime factors of 7/(42/80)*3087/84.
2, 5, 7
Let q(p) be the third derivative of 9*p**2 - 1/3*p**3 + 1/6*p**4 + 0 + 0*p. What are the prime factors of q(5)?
2, 3
Suppose -4*x = 2*l - 16, x + 3*l = -3*x + 12. Suppose x*c + 296 = 8*c. List the prime factors of c.
2, 37
Let b = 455 + 358. List the prime factors of b.
3, 271
Let b be (3/(-2))/((-6)/92). List the prime factors of (-2760)/b*1*2/(-4).
2, 3, 5
Let v = 2079 - 653. What are the prime factors of v?
2, 23, 31
Let t = 486 + 37. What are the prime factors of t?
523
Suppose 7351 = 6*u + 3007. List the prime factors of u.
2, 181
Let d(l) = -7*l**3 - l**2 - l. Let h(o) = -o**3 + 3*o**2 + o - 4. Let i be h(3). Let q be d(i). Let n = 2 + q. List the prime factors of n.
3
Suppose -18 = -h - 14. List the prime factors of ((-24)/9 + h)*39.
2, 13
Let a = -3170 + 4450. Suppose -r + z = -21 - 305, -4*r - 4*z + a = 0. List the prime factors of r.
17, 19
Suppose 0 = 2*j - 4*t - 874, 15*j = 17*j + 3*t - 846. What are the prime factors of j?
3, 11, 13
Let w = 5054 + -3149. What are the prime factors of w?
3, 5, 127
Let o(n) = -n**3 + 8*n**2 - 2*n - 10. What are the prime factors of o(7)?
5
Let k(l) = -l**3 - 10*l**2 - 8*l + 12. Let m be k(-9). Suppose 6 = w - m. List the prime factors of w.
3
Let k(p) = 942*p**2 - 3*p + 5. List the prime factors of k(1).
2, 59
What are the prime factors of -4 - (-500 + (-5)/(-15)*9)?
17, 29
Let g = -474 - -3724. What are the prime factors of g?
2, 5, 13
Let z(j) = -30*j**2 + 9 - 3*j - 30*j**2 + 61*j**2 + 10. List the prime factors of z(-10).
149
Let m = 554 - 68. What are the prime factors of m?
2, 3
Suppose 22*s - 10906 = -1138. List the prime factors of s.
2, 3, 37
List the prime factors of 2891/9 + 1/((-63)/14).
3, 107
Suppose -3*g = -2*g + 56. Let o = 145 + g. List the prime factors of o.
89
Let w be 